{"id":47,"date":"2020-09-16T11:48:31","date_gmt":"2020-09-16T11:48:31","guid":{"rendered":"http:\/\/annechristinalarsen.dk\/?page_id=47"},"modified":"2022-05-02T12:34:55","modified_gmt":"2022-05-02T12:34:55","slug":"psykologsamtaler-i-hjertet-af-kobenhavn","status":"publish","type":"page","link":"https:\/\/annechristinalarsen.dk\/","title":{"rendered":"Psykologsamtaler i hjertet af Bernstorffparken"},"content":{"rendered":"\n<p>F\u00e6lles for os mennesker er, at vi \u00f8nsker at trives, \u00f8nsker at livet skal give mening, \u00f8nsker at opn\u00e5 det, der er vigtigt for os og at f\u00f8le, at vi udvikler os og f\u00f8ler os levende.<\/p>\n\n\n\n<p>Rigtig mange af de samtaler jeg har med mine klienter handler om ovenst\u00e5ende emner. N\u00e6sten lige s\u00e5 tit, handler de ogs\u00e5 om, hvad vi som mennesker har af handlemuligheder, n\u00e5r vi ikke trives, n\u00e5r livet ikke synes at give mening, og det vi knokler for ikke synes at lykkes &#8211; og at der er langt mellem dagene, hvor vi f\u00f8ler os i live.&nbsp;<\/p>\n\n\n\n<p>Begge dele&nbsp; er sider af livet og det kan v\u00e6re rart og hj\u00e6lpsomt at have en professionel samtalepartner ved sin side i begge tilf\u00e6lde. En person der kan hj\u00e6lpe os i den retning, vi \u00f8nsker.<\/p>\n","protected":false},"excerpt":{"rendered":"<p>F\u00e6lles for os mennesker er, at vi \u00f8nsker at trives, \u00f8nsker at livet skal give mening, \u00f8nsker at opn\u00e5 det, der er vigtigt for os og at f\u00f8le, at vi udvikler os og f\u00f8ler os levende. Rigtig mange af de samtaler jeg har med mine klienter handler om ovenst\u00e5ende emner. N\u00e6sten lige s\u00e5 tit, handler &hellip; <\/p>\n<p class=\"link-more\"><a href=\"https:\/\/annechristinalarsen.dk\/\" class=\"more-link\">Continue reading<span class=\"screen-reader-text\"> &#8220;Psykologsamtaler i hjertet af Bernstorffparken&#8221;<\/span><\/a><\/p>\n","protected":false},"author":1,"featured_media":0,"parent":0,"menu_order":0,"comment_status":"closed","ping_status":"closed","template":"","meta":{"footnotes":""},"class_list":["post-47","page","type-page","status-publish","hentry"],"_links":{"self":[{"href":"https:\/\/annechristinalarsen.dk\/index.php?rest_route=\/wp\/v2\/pages\/47","targetHints":{"allow":["GET"]}}],"collection":[{"href":"https:\/\/annechristinalarsen.dk\/index.php?rest_route=\/wp\/v2\/pages"}],"about":[{"href":"https:\/\/annechristinalarsen.dk\/index.php?rest_route=\/wp\/v2\/types\/page"}],"author":[{"embeddable":true,"href":"https:\/\/annechristinalarsen.dk\/index.php?rest_route=\/wp\/v2\/users\/1"}],"replies":[{"embeddable":true,"href":"https:\/\/annechristinalarsen.dk\/index.php?rest_route=%2Fwp%2Fv2%2Fcomments&post=47"}],"version-history":[{"count":3,"href":"https:\/\/annechristinalarsen.dk\/index.php?rest_route=\/wp\/v2\/pages\/47\/revisions"}],"predecessor-version":[{"id":112,"href":"https:\/\/annechristinalarsen.dk\/index.php?rest_route=\/wp\/v2\/pages\/47\/revisions\/112"}],"wp:attachment":[{"href":"https:\/\/annechristinalarsen.dk\/index.php?rest_route=%2Fwp%2Fv2%2Fmedia&parent=47"}],"curies":[{"name":"wp","href":"https:\/\/api.w.org\/{rel}","templated":true}]}}